8. Let v be r(-12). Let m = v + 161. Calculate the highest common factor of m and z.
9
Let l(g) = 4*g**2 - 50*g + 621. Let f be l(0). Calculate the greatest common factor of f and 6.
3
Let b = 2 - -2. Let j(x) be the first derivative of -x**3/3 - 13*x**2/2 + 16*x - 4. Let m be j(-13). Calculate the greatest common divisor of m and b.
4
Let r be 116636/44 + 8/44. Suppose -2*x = -5*t + 3105, -3*t = x + 788 - r. Calculate the greatest common divisor of t and 9.
9
Let h = 75 - 31. Let z(v) = 4 + 8*v + 97 + 12 - 3. Let y be z(0). Calculate the greatest common divisor of h and y.
22
Let r(n) = -265*n - 700. Let w(i) = 19*i + 50. Let t(m) = 4*r(m) + 55*w(m). Let c be t(-9). Calculate the greatest common factor of c and 34.
17
Let y = 9 + -15. Let g be (-40)/y*24/10. Suppose 0 = 3*t - 6, 4*n = -3*t + 671 - 473. What is the highest common divisor of g and n?
16
Let f(a) = a**3 + 3*a**2 + 6*a + 37. Let m be f(-4). Let b be (-264)/(-6) + 0 + (-12)/m. What is the highest common factor of b and 9?
3
Let l(s) = 68*s - 79. Let v be l(9). Let z = v - 498. What is the highest common divisor of 203 and z?
7
Let t(k) = -18*k**2 + 8*k - 6. Let x be t(7). Let a be (-4 + (-12)/(-4))/(4/x). Calculate the greatest common divisor of 32 and a.
16
Suppose 2*v + 3*f = 1392, 4*v - 2784 = -6*f + 2*f. Suppose 0 = 132*h - 129*h - v. Calculate the highest common divisor of 174 and h.
58
Suppose 14*j = 170 + 96. Suppose -j*n = -n - 6732. Calculate the greatest common factor of 22 and n.
22
Let x(t) = 4*t**2 + 79*t - 12. Let f be x(-20). Let c be (8 + -6 - f) + 486. Calculate the greatest common factor of 60 and c.
60
Suppose 76*a + 14746 = 79*a - 4*q, 3*a - 14683 = -5*q. Calculate the highest common factor of 44 and a.
22
Let d be 20/5 - 2*-18. Let b(r) = 13*r**3 + 4*r**2 + 3*r + 4. Let i be b(3). Suppose i = -7*j + 960. What is the highest common factor of j and d?
40
Suppose 0 = -4*k - 0*l + l + 22, l - 3 = -k. Let b = 17 - 31. Let i = 15 + b. Calculate the greatest common divisor of k and i.
1
Let r be ((-334)/8)/((-4)/24)*10. Suppose 0 = 4*o + o + r. Let b = -339 - o. Calculate the greatest common divisor of 18 and b.
18
Suppose -g + 4*g = 3*s - 12, 9 = 2*s - g. Let w(f) = 20*f + 5. Suppose 0 = 5*x + 1 - 11. Let l be w(x). What is the greatest common divisor of s and l?
5
Let l = 168 - 158. Suppose 13*f - l*f = 144. What is the highest common factor of 128 and f?
16
Suppose 7*u = 3*u + 5*j + 43, 2*j - 61 = -3*u. Suppose -1601 + u = -11*r. What is the greatest common divisor of r and 18?
18
Suppose 51*t = -4105 + 10531. What is the greatest common factor of t and 784?
14
Let o(i) = -i**3 + 4*i**2 - 14*i + 12. Let k be o(6). Let c = 156 + k. Calculate the greatest common factor of 78 and c.
6
Let z be (-1)/((-1)/(-4)*(-8)/(-138)). Let c = z - -74. Suppose 130 = 4*d - 10. Calculate the highest common divisor of c and d.
5
Suppose 4*q = q, -j + 4*q + 3 = 0. Suppose -436 - 401 = -j*m. What is the greatest common factor of m and 9?
9
Suppose 83*w = 167*w - 77*w - 63. Calculate the highest common factor of w and 16.
1
Let n = -2366 - -2393. What is the greatest common divisor of 459 and n?
27
Let i(b) = b**3 - 3*b**2 + 3*b - 4. Let w be i(3). Suppose -1720 = -38*z - w*z. What is the greatest common factor of 25 and z?
5
Suppose 25*o = -18*o + 27*o + 2832. Calculate the greatest common divisor of o and 531.
177
Let n be -1 + 9 - (-7)/(-7). Let k be 12/(-2) + (40 - -197). Calculate the greatest common divisor of n and k.
7
Let u(t) = 174*t**3 + 70*t**2 - 279*t - 5. Let p be u(4). Calculate the highest common divisor of p and 524.
131
Let v(a) = -2*a**2 - 13*a. Let s = -34 + 30. Let w be v(s). Suppose -w*t = -15*t - 300. Calculate the highest common divisor of 10 and t.
10
Let x(h) = 394*h - 1562. Let d be x(4). What is the highest common divisor of 6538 and d?
14
Suppose 0 = -u + 110 + 125. Suppose -3*p - u = -2*y, -4*y = 3*p - 188 - 327. Suppose -28*g + 226 = 2*g - 524. What is the greatest common factor of g and y?
25
Suppose -327*h + 330*h - 9 = 0. Suppose 0 = -h*y + 6*y - 486. What is the highest common factor of 12 and y?
6
Suppose 13 = 5*c - 37. Suppose -c*r = -5*r + 535. Let g = -42 - r. Calculate the greatest common divisor of 26 and g.
13
Let g = -2278 - -2850. What is the highest common factor of 104 and g?
52
Let s be (48/18)/4*27/(-24)*-32. Calculate the greatest common divisor of s and 1524.
12
Let g be -5*1 - -46*930/20. Suppose l - 3*w - 428 = -4*w, -5*l + g = 3*w. What is the highest common factor of 34 and l?
17
Let s be -320*(10 - 5/((-10)/(-21))). Calculate the greatest common factor of s and 25.
5
Suppose 2*h + 270 = 7*h - 2*t, -2*h + 108 = 5*t. Suppose 0*q + 3*q = 99. Suppose 0 = q*r - 36*r + 108. What is the greatest common factor of r and h?
18
Let n(v) = 2*v**3 + 34*v**2 + 121*v + 17. Let l be n(-5). Suppose 2*m + 5*b = 891, -3*b - 2412 + 231 = -5*m. Calculate the greatest common divisor of l and m.
6
Suppose r + 4*q = 93 + 108, 2*r + 2*q - 372 = 0. Let m = -177 + r. What is the greatest common factor of 54 and m?
2
Let g(i) = 2*i**2 + 53*i - 350. Let w be g(7). Suppose -5*c = 2*y - 38, -y + c = -4*c - 4. Calculate the greatest common divisor of y and w.
7
Let o(r) = -57*r - 5108. Let h be o(-92). Suppose -3*w = 4*s - 86, 2*w + 3*s = -3*w + 158. Calculate the highest common factor of h and w.
34
Let q(n) = 123*n - 1118. Let m be q(10). Let r = -105 - -11. Let g = r + m. Calculate the highest common divisor of 30 and g.
6
Let k be 3 + 0 + 172 + -10 + 8. Let r = -108 + k. What is the greatest common divisor of r and 26?
13
Suppose -3*d + 362 = -67. Let s(z) be the second derivative of z**3/6 + 9*z**2/2 - 2*z. Let j be s(4). Calculate the highest common divisor of d and j.
13
Let g be 2*(-30)/(-36)*3. Suppose 33 = o - 4*h, 48 = 2*o + 2*o + g*h. Calculate the greatest common divisor of o and 34.
17
Let s be ((-912)/(-14))/((10/(-35))/(-2)). Let h = 65 - 8. What is the greatest common factor of h and s?
57
Let v = -101 - -104. Suppose 5*g - 5*p - 335 = 0, v*g + 2*p - 276 = -70. Calculate the highest common factor of 612 and g.
68
Suppose 41*g - 607 = 746. What is the highest common divisor of g and 88?
11
Suppose 50*n = 55*n + 1110. Let h = n - -330. Calculate the greatest common factor of h and 144.
36
Suppose -5 - 19 = -6*v. Let x be (-36)/4 + 5 + 68. What is the highest common factor of v and x?
4
Suppose 5*w - 4*q - 276 = 0, -3*w = 13*q - 9*q - 172. Let f = w - 42. Calculate the highest common divisor of f and 35.
7
Let j be (-8)/(-12)*3*6. Suppose 30*a - 7509 = 7804 - 4153. Calculate the greatest common factor of a and j.
12
Suppose 29 = 20*u - 11. Suppose 3*y + 138 = u*f, -14*f + 2*y = -11*f - 212. What is the highest common divisor of 16 and f?
8
Let b be 249 + -260 + (-2 + 107)/3. Let s = 40 - -8. Calculate the highest common divisor of s and b.
24
Let s be -2 + (0 - (5 + 1) - -134). Calculate the greatest common divisor of 1050 and s.
42
Suppose 0 = 2*v - 5*n - 19, -5*n - 34 = 11*v - 8*v. Let o be ((-63)/(-7))/(v/(-5*3)). Let i = 24 + 12. Calculate the highest common divisor of i and o.
9
Let l = -15749 + 15773. Let b be 4058/13 - (-4)/(-26). Calculate the highest common divisor of b and l.
24
Suppose 3108 = -120*t + 132*t. What is the highest common divisor of 333 and t?
37
Let n(f) = 93*f**2 + f. Let q be n(1). Suppose 5*u = -q + 949. Let c be (9/9)/(((-6)/(-171))/(12/18)). Calculate the highest common divisor of c and u.
19
Suppose 4*g + 0*n - n = 4287, -5*g + 4*n = -5367. Let r be g/((-15)/(-5)) + 4. Calculate the highest common factor of 19 and r.
19
Suppose 2*p - 1204 = -3*t + 434, -3*p = -5*t - 2476. Let x = -156 + p. Calculate the highest common divisor of 18 and x.
18
Suppose 2*a - 4*a + 5 = -b, -3*b + 27 = 8*a. What is the greatest common divisor of 3693 and a?
3
Let h be 5070/15 - (-2 + -3 - -7). Let g be -2 - -1 - (4 - 41). Suppose -4*d - 3*j + 126 = -g, 2*j - 206 = -5*d. What is the greatest common factor of h and d?
42
Let a(j) = 665*j + 450. Let t be a(5). Calculate the highest common divisor of 75 and t.
25
Let d = -7 - -15. Let b(j) = 11 + d*j**3 + j - 9*j**3 + 10*j**2 - 1. Let r be b(5). Calculate the greatest common divisor of 14 and r.
14
Let m(b) = b**2 - 21*b. Let z be m(-6). Let a = z - 126. Calculate the highest common factor